{"id":2117,"date":"2015-09-23T13:59:42","date_gmt":"2015-09-23T13:59:42","guid":{"rendered":"http:\/\/grupos.unileon.es\/mebar\/?page_id=2117"},"modified":"2015-09-23T13:59:42","modified_gmt":"2015-09-23T13:59:42","slug":"similitudo-definicion-frances","status":"publish","type":"page","link":"https:\/\/grupos.unileon.es\/mebar\/similitudo-definicion-frances\/","title":{"rendered":"Similitudo. Definici\u00f3n franc\u00e9s"},"content":{"rendered":"<p><strong>MORIER, H.<\/strong>\u00a0<em>Dictionnaire de po\u00e9tique et de rh\u00e9torique.<\/em>\u00a0Paris: Presses Universitaires de France, 1961.<\/p>\n<p><strong>Morier<\/strong>, 1961<\/p>\n<p style=\"text-align: justify;\">\u00a0<strong>Comparaison<\/strong><\/p>\n<p style=\"text-align: justify;\">Comme fait de style, la comparaison est un rapport de ressemblance \u00e9tabli entre deux objets dont l\u00b4un sert \u00e0 \u00e9voquer l\u00b4autre\u00a0: dans ce cas, il s\u00b4agit d\u00b4une IMAGE ou d\u00b4une M\u00c9TAPHORE (voir ces mots)\u00a0; ou entre deux objets, dont l\u00b4un, concret, sert \u00e0 exprimer &#8216;une ou l\u00b4autre des vertus qu\u00b4il rec\u00e8le\u00a0; il s\u00b4agit alors d\u00b4un SYMBOLE (voir ce mot), ou entre deux objets dont l\u00b4un met l\u00b4autre en \u00e9vidence\u00a0: c\u00b4est le cas dans l\u00b4ANTITH\u00c8SE et l&#8217;OXYMORON. La comparaison peut servir simplement \u00e0 la connaissance\u00a0: l\u00b4un des objets permet alors de mesurer l\u00b4autre, de l\u00b4\u00e9talonner, de le d\u00e9finir par diff\u00e9rence.<\/p>\n<hr \/>\n<p><strong>GORP,\u00a0Hendrik van et al.\u00a0<\/strong><em>Dictionnaire des termes litt\u00e9raires.<\/em>\u00a0Paris: Champion Classiques. H. Champion, 2005.<\/p>\n<p><strong>Gorp et al.<\/strong> 2005<\/p>\n<p>[p. 108] Comparaison (lat. comparatio &gt; compare = apparier, assimiler, confronter).<br \/>\nTrop qui met en relation un objet, une circonstance, un concept ou une propri\u00e9t\u00e9 (le compar\u00e9) et un autre \u00e9l\u00e9ment (le comparant), au moyen d\u00b4un terme introduisant l\u00b4analogie (comme, ainsi que, de m\u00eame que\u2026). La comparaison peut chercher \u00e0 \u00e9tablir des rapports inattendus entre le comparant et le compar\u00e9, elle peut aussi viser \u00e0 une pr\u00e9sentation plus concr\u00e8te de ce dernier, ou en reproduire un aspect particulier. La comparaison est d\u00b4autant plus frappante que le point de comparaison ou degr\u00e9 de similitude (simil\u00e9) est moins pr\u00e9visible.<\/p>\n<p style=\"text-align: justify;\">\n<p style=\"text-align: justify;\">\n<p style=\"text-align: justify;\">\n","protected":false},"excerpt":{"rendered":"<p>MORIER, H.\u00a0Dictionnaire de po\u00e9tique et de rh\u00e9torique.\u00a0Paris: Presses Universitaires de France, 1961. Morier, 1961 \u00a0Comparaison Comme fait de style, la comparaison est un rapport de ressemblance \u00e9tabli entre deux objets dont l\u00b4un sert \u00e0 \u00e9voquer l\u00b4autre\u00a0: dans ce cas, il s\u00b4agit d\u00b4une IMAGE ou d\u00b4une M\u00c9TAPHORE (voir ces mots)\u00a0; ou entre deux objets, dont l\u00b4un, [&hellip;]<\/p>\n","protected":false},"author":16,"featured_media":0,"parent":0,"menu_order":0,"comment_status":"closed","ping_status":"closed","template":"","meta":{"footnotes":""},"class_list":["post-2117","page","type-page","status-publish","hentry"],"_links":{"self":[{"href":"https:\/\/grupos.unileon.es\/mebar\/wp-json\/wp\/v2\/pages\/2117","targetHints":{"allow":["GET"]}}],"collection":[{"href":"https:\/\/grupos.unileon.es\/mebar\/wp-json\/wp\/v2\/pages"}],"about":[{"href":"https:\/\/grupos.unileon.es\/mebar\/wp-json\/wp\/v2\/types\/page"}],"author":[{"embeddable":true,"href":"https:\/\/grupos.unileon.es\/mebar\/wp-json\/wp\/v2\/users\/16"}],"replies":[{"embeddable":true,"href":"https:\/\/grupos.unileon.es\/mebar\/wp-json\/wp\/v2\/comments?post=2117"}],"version-history":[{"count":1,"href":"https:\/\/grupos.unileon.es\/mebar\/wp-json\/wp\/v2\/pages\/2117\/revisions"}],"predecessor-version":[{"id":2118,"href":"https:\/\/grupos.unileon.es\/mebar\/wp-json\/wp\/v2\/pages\/2117\/revisions\/2118"}],"wp:attachment":[{"href":"https:\/\/grupos.unileon.es\/mebar\/wp-json\/wp\/v2\/media?parent=2117"}],"curies":[{"name":"wp","href":"https:\/\/api.w.org\/{rel}","templated":true}]}}