{"id":2178,"date":"2015-10-05T23:46:51","date_gmt":"2015-10-05T23:46:51","guid":{"rendered":"http:\/\/grupos.unileon.es\/mebar\/?page_id=2178"},"modified":"2015-10-05T23:46:51","modified_gmt":"2015-10-05T23:46:51","slug":"verisimile-recepcion-espanol","status":"publish","type":"page","link":"https:\/\/grupos.unileon.es\/mebar\/verisimile-recepcion-espanol\/","title":{"rendered":"Verisimile. Recepci\u00f3n espa\u00f1ol"},"content":{"rendered":"<p><strong>MAYANS Y SISCAR, G<\/strong>. <em>Obras completas<\/em>. Vol. III. <em>Ret\u00f3rica<\/em>. 1755. Ed. A. Maestre Sanch\u00eds. Oliva: Ayuntamiento de Oliva-Diputaci\u00f3n de Valencia, 1984.<\/p>\n<p style=\"text-align: justify;\"><em>Verisimilis, Narratio<\/em><\/p>\n<p style=\"text-align: justify;\">[p. 258 \u00a7 1] De la narraci\u00f3n fingida. A la narraci\u00f3n verdadera se sigue la fingida, de la qual ai tantas especies, quantas son las de la ficci\u00f3n. Esta, o es de cosas que no sucedieron, pero fueron possibles; o de cosas que ni sucedieron ni fueron possibles.<\/p>\n<p style=\"text-align: justify;\">[p. 258-259 \u00a7 2] Si la narraci\u00f3n es de cosas meramente possibles por su naturaleza; o proponen la imitaci\u00f3n de una idea perfeta, la mejor que pueda imaginarse, seg\u00fan las acciones ilustres que se han de engrandecer; i se llama epopeya,; o una idea de la vida humana que, considerada seg\u00fan los tres egercicios principales para vivir en sociedad, pueden ser, o egerciendo la agricultura o labranza; o la vida pastoril; o la de la ciudad; i las personas empleadas en estos tres egercicios pueden comunicar sus pensamientos entre s\u00ed. La composici\u00f3n que representa el primer g\u00e9nero de la vida, se llama buc\u00f3lica; la del segundo, \u00e9gloga; la del tercero, comedia; i la que representa la conversaci\u00f3n, di\u00e1logo. I como tambi\u00e9n se ense\u00f1a la virtud reprehendiendo el vicio; si se representan los defetos de la naturaleza, o del \u00e1nimo, satiriz\u00e1ndolos; esta composici\u00f3n se llama s\u00e1tira; i si remedi\u00e1ndolos burlescamente, entrem\u00e9s.<\/p>\n<p>[p. 259 \u00a7 3] Si la narraci\u00f3n es de cosas impossibles, se llama ap\u00f3logo.<\/p>\n<p>[p. 259 \u00a7 4] I si las cosas possibles, o impossibles, se representan en una fingida ordenaci\u00f3n de tiempos, se llama historia fingida.<\/p>\n<p style=\"text-align: justify;\">[p. 262 \u00a7 14] La perversidad del ingenio humano ha sido tal que para ense\u00f1ar el vicio, se inventaron ficciones llamadas milesias, sibar\u00edticas o ciprias; porque fueron mui dados a ellas algunos mui corrompidos ingenios de Mileto, S\u00edbari i Chipre; mas, como no es arte, ni merece tal nombre la que no ense\u00f1a cosas honestas, este g\u00e9nero de composici\u00f3n no pertenece a la rhet\u00f3rica.<\/p>\n<p style=\"text-align: justify;\">[p. 278 \u00a7 31] \u00a0Historia fingida es una narraci\u00f3n fingida de sucesos circunstanciados para instruci\u00f3n de quien los oye o lee. Discretamente dijo Don Quijote de la Mancha que las historias fingidas tanto tienen de buenas i de deleitables quanto se llagan a la verdad o a la semejanza della; i las verdades tanto son mejores quanto son m\u00e1s verdaderas. Son egemplos de historia fingida la vida de Lazarillo de Tormes, la de Guzm\u00e1n de Alfarache i la de Don Quijote de la Mancha.<\/p>\n<p style=\"text-align: justify;\">[p. 278 \u00a7 32] No faltar\u00e1 quien reprehenda aver yo tratado de las referidas especies de ficciones que se han apropiado los que han escrito artes po\u00e9ticas. Pero si bien se observa, la po\u00e9tica es parte de la rhet\u00f3rica i por esso Arit\u00f3teles trat\u00f3 de ella i de los poetas en sus libros rhet\u00f3ricos de la naturaleza i el arte de la ficci\u00f3n, la qual entiendo que primeramente se invent\u00f3 en prosa, i despu\u00e9s, para hacerla agradable, se le a\u00f1adi\u00f3 la dulzura del metro, que hace la oraci\u00f3n harmoniosa.<\/p>\n","protected":false},"excerpt":{"rendered":"<p>MAYANS Y SISCAR, G. Obras completas. Vol. III. Ret\u00f3rica. 1755. Ed. A. Maestre Sanch\u00eds. Oliva: Ayuntamiento de Oliva-Diputaci\u00f3n de Valencia, 1984. Verisimilis, Narratio [p. 258 \u00a7 1] De la narraci\u00f3n fingida. A la narraci\u00f3n verdadera se sigue la fingida, de la qual ai tantas especies, quantas son las de la ficci\u00f3n. Esta, o es de [&hellip;]<\/p>\n","protected":false},"author":16,"featured_media":0,"parent":0,"menu_order":0,"comment_status":"closed","ping_status":"closed","template":"","meta":{"footnotes":""},"class_list":["post-2178","page","type-page","status-publish","hentry"],"_links":{"self":[{"href":"https:\/\/grupos.unileon.es\/mebar\/wp-json\/wp\/v2\/pages\/2178","targetHints":{"allow":["GET"]}}],"collection":[{"href":"https:\/\/grupos.unileon.es\/mebar\/wp-json\/wp\/v2\/pages"}],"about":[{"href":"https:\/\/grupos.unileon.es\/mebar\/wp-json\/wp\/v2\/types\/page"}],"author":[{"embeddable":true,"href":"https:\/\/grupos.unileon.es\/mebar\/wp-json\/wp\/v2\/users\/16"}],"replies":[{"embeddable":true,"href":"https:\/\/grupos.unileon.es\/mebar\/wp-json\/wp\/v2\/comments?post=2178"}],"version-history":[{"count":1,"href":"https:\/\/grupos.unileon.es\/mebar\/wp-json\/wp\/v2\/pages\/2178\/revisions"}],"predecessor-version":[{"id":2179,"href":"https:\/\/grupos.unileon.es\/mebar\/wp-json\/wp\/v2\/pages\/2178\/revisions\/2179"}],"wp:attachment":[{"href":"https:\/\/grupos.unileon.es\/mebar\/wp-json\/wp\/v2\/media?parent=2178"}],"curies":[{"name":"wp","href":"https:\/\/api.w.org\/{rel}","templated":true}]}}