{"id":2197,"date":"2015-12-09T10:29:13","date_gmt":"2015-12-09T10:29:13","guid":{"rendered":"http:\/\/grupos.unileon.es\/mebar\/?page_id=2197"},"modified":"2016-01-08T18:18:28","modified_gmt":"2016-01-08T18:18:28","slug":"2015-2","status":"publish","type":"page","link":"https:\/\/grupos.unileon.es\/mebar\/2015-2\/","title":{"rendered":"Novedades. 2015"},"content":{"rendered":"<p>A continuaci\u00f3n les informo de la publicaci\u00f3n<\/p>\n<p><strong>S\u00e1nchez Manzano, M\u00aa Asunci\u00f3n <\/strong>(ed.).\u00a0<em>Ret\u00f3rica: Fundamentos del estilo narrativo en la novela rom\u00e1ntica.<\/em>\u00a0Berl\u00edn: Logos Verlag. 2015.\u00a0ISBN 978-3-8325-3863-7. Disponible en:\u00a0<a href=\"http:\/\/logos-verlag.de\/cgi-bin\/engbuchmid?isbn=3863&amp;lng=deu&amp;id=\">http:\/\/logos-verlag.de\/cgi-bin\/engbuchmid?isbn=3863&amp;lng=deu&amp;id=<\/a><\/p>\n<p>Para obtener m\u00e1s informaci\u00f3n sobre la venta de esta monograf\u00eda publicada en Berl\u00edn por Logos Verlag, se puede consultar los siguientes enlaces.<\/p>\n<p><a href=\"http:\/\/grupos.unileon.es\/mebar\/2015-2\/flyer-espanol\/\" rel=\"attachment wp-att-2249\">Libro (publicidad en espa\u00f1ol)<\/a><a href=\"http:\/\/grupos.unileon.es\/mebar\/2015-2\/retorica-spa-asun-3\/\" rel=\"attachment wp-att-2263\"><img loading=\"lazy\" decoding=\"async\" class=\"alignleft size-medium wp-image-2263\" src=\"http:\/\/grupos.unileon.es\/mebar\/files\/2015\/12\/retorica-spa-Asun-2-300x199.png\" alt=\"retorica-spa-Asun\" width=\"300\" height=\"199\" srcset=\"https:\/\/grupos.unileon.es\/mebar\/files\/2015\/12\/retorica-spa-Asun-2-300x199.png 300w, https:\/\/grupos.unileon.es\/mebar\/files\/2015\/12\/retorica-spa-Asun-2-768x509.png 768w, https:\/\/grupos.unileon.es\/mebar\/files\/2015\/12\/retorica-spa-Asun-2.png 879w\" sizes=\"auto, (max-width: 300px) 100vw, 300px\" \/><\/a><\/p>\n<p>&nbsp;<\/p>\n<p>&nbsp;<\/p>\n<p>&nbsp;<\/p>\n<p>&nbsp;<\/p>\n<p><a href=\"http:\/\/grupos.unileon.es\/mebar\/2015-2\/flyer-ingles\/\" rel=\"attachment wp-att-2251\">Libro (publicidad ingl\u00e9s)<\/a><a href=\"http:\/\/grupos.unileon.es\/mebar\/2015-2\/retorica-ingles-asun\/\" rel=\"attachment wp-att-2265\"><img loading=\"lazy\" decoding=\"async\" class=\"alignleft size-medium wp-image-2265\" src=\"http:\/\/grupos.unileon.es\/mebar\/files\/2015\/12\/retorica-ingles-Asun-300x219.jpg\" alt=\"retorica ingles-Asun\" width=\"300\" height=\"219\" srcset=\"https:\/\/grupos.unileon.es\/mebar\/files\/2015\/12\/retorica-ingles-Asun-300x219.jpg 300w, https:\/\/grupos.unileon.es\/mebar\/files\/2015\/12\/retorica-ingles-Asun-768x562.jpg 768w, https:\/\/grupos.unileon.es\/mebar\/files\/2015\/12\/retorica-ingles-Asun.jpg 819w\" sizes=\"auto, (max-width: 300px) 100vw, 300px\" \/><\/a><\/p>\n<hr \/>\n<hr \/>\n<p><strong>Anuncio de congreso<\/strong><\/p>\n<p><strong>BARS: 2015 International Congress on the Enlightenment<\/strong><\/p>\n<p><a href=\"http:\/\/grupos.unileon.es\/mebar\/files\/2013\/07\/First-Announcement-ISECS-2015.pdf\">First Announcement ISECS 2015<\/a><\/p>\n<hr \/>\n<p><strong>Reuni\u00f3n del Consejo General<br \/>\n<\/strong>Instituto de Investigaciones Filol\u00f3gicas<br \/>\nUniversidad Nacional Aut\u00f3noma de M\u00e9xico<br \/>\n(29 de octubre de 2015)<\/p>\n","protected":false},"excerpt":{"rendered":"<p>A continuaci\u00f3n les informo de la publicaci\u00f3n S\u00e1nchez Manzano, M\u00aa Asunci\u00f3n (ed.).\u00a0Ret\u00f3rica: Fundamentos del estilo narrativo en la novela rom\u00e1ntica.\u00a0Berl\u00edn: Logos Verlag. 2015.\u00a0ISBN 978-3-8325-3863-7. Disponible en:\u00a0http:\/\/logos-verlag.de\/cgi-bin\/engbuchmid?isbn=3863&amp;lng=deu&amp;id= Para obtener m\u00e1s informaci\u00f3n sobre la venta de esta monograf\u00eda publicada en Berl\u00edn por Logos Verlag, se puede consultar los siguientes enlaces. Libro (publicidad en espa\u00f1ol) &nbsp; &nbsp; &nbsp; [&hellip;]<\/p>\n","protected":false},"author":16,"featured_media":0,"parent":0,"menu_order":0,"comment_status":"closed","ping_status":"closed","template":"","meta":{"footnotes":""},"class_list":["post-2197","page","type-page","status-publish","hentry"],"_links":{"self":[{"href":"https:\/\/grupos.unileon.es\/mebar\/wp-json\/wp\/v2\/pages\/2197","targetHints":{"allow":["GET"]}}],"collection":[{"href":"https:\/\/grupos.unileon.es\/mebar\/wp-json\/wp\/v2\/pages"}],"about":[{"href":"https:\/\/grupos.unileon.es\/mebar\/wp-json\/wp\/v2\/types\/page"}],"author":[{"embeddable":true,"href":"https:\/\/grupos.unileon.es\/mebar\/wp-json\/wp\/v2\/users\/16"}],"replies":[{"embeddable":true,"href":"https:\/\/grupos.unileon.es\/mebar\/wp-json\/wp\/v2\/comments?post=2197"}],"version-history":[{"count":13,"href":"https:\/\/grupos.unileon.es\/mebar\/wp-json\/wp\/v2\/pages\/2197\/revisions"}],"predecessor-version":[{"id":2266,"href":"https:\/\/grupos.unileon.es\/mebar\/wp-json\/wp\/v2\/pages\/2197\/revisions\/2266"}],"wp:attachment":[{"href":"https:\/\/grupos.unileon.es\/mebar\/wp-json\/wp\/v2\/media?parent=2197"}],"curies":[{"name":"wp","href":"https:\/\/api.w.org\/{rel}","templated":true}]}}