{"id":887,"date":"2015-06-19T05:18:45","date_gmt":"2015-06-19T05:18:45","guid":{"rendered":"http:\/\/grupos.unileon.es\/mebar\/?page_id=887"},"modified":"2015-08-22T17:55:36","modified_gmt":"2015-08-22T17:55:37","slug":"insinuatio-critica-literaria-aleman","status":"publish","type":"page","link":"https:\/\/grupos.unileon.es\/mebar\/insinuatio-critica-literaria-aleman\/","title":{"rendered":"Insinuatio. Cr\u00edtica literaria alem\u00e1n"},"content":{"rendered":"<p>&nbsp;<\/p>\n<p><strong>SCHLEGEL, <\/strong>Friedrich<strong>.<\/strong>\u00a0\u201cKritische Fragmente\u00bb. 1797.\u00a0 <em>Kritische Schriften und Fragmente (1798-18011)<\/em>.\u00a0<em>Studienausgabe.<\/em><em>\u00a0<\/em>Herausgegeben von Ernst Behler und Hans Eichner. Paderborn. M\u00fcnchen. Wien. Z\u00fcrich: Ferdinand Sch\u00f6ningh, Band 1, 1988. 239-250. Impreso.<\/p>\n<p style=\"padding-left: 30px;\"><strong>Schlegel,<\/strong>\u00a0Friedrich. \u201cFragmentos cr\u00edticos\u00bb. 1797.\u00a0<em>Fragmentos, seguido de Sobre la incomprensibilidad.<\/em>\u00a0Trad. y notas de Pere Pajerols. Barcelona: Marbot Ed., 2009. 25-55. Impreso.<\/p>\n<p><strong>Schlegel, F.<\/strong>\u00a01797.<\/p>\n<p><strong>Insinuatio \/ Cr\u00edtica<\/strong><br \/>\n[frg. 25, p. 240] Die beiden Hauptgrunds\u00e4tze der sogenannten historischen Kritik sind das Postulat der Gemeinheit, und das Axiom der Gew\u00f6hnlichkeit. Postulat der Gemeinheit: Alles recht Gro\u00dfe, Gute und Sch\u00f6ne ist unwahrscheinlich, denn es ist au\u00dferordentlich, und zum mindesten verd\u00e4chtig. Axiom der Gew\u00f6hnlichkeit: Wie es bei uns und um uns ist, so mu\u00df es \u00fcberall gewesen sein, denn das ist ja alles so nat\u00fcrlich.<\/p>\n<p style=\"padding-left: 30px;\"><strong>Schlegel, F.<\/strong><strong>\u00a0<\/strong>1797 (Trad. y notas de Pere Pajerols, 2009)<\/p>\n<p style=\"text-align: justify; padding-left: 30px;\"><span style=\"color: #999999;\">[frg. 25, p. 30] Los dos principios fundamentales de la llamada cr\u00edtica hist\u00f3rica son el postulado de la vulgaridad y el axioma de lo acostumbrado. Postulado de la vulgaridad: todo lo que es aut\u00e9nticamente grande, bueno y bello es poco probable, pues es extraordinario, por lo que resulta, como m\u00ednimo, sospechoso. Axioma de lo acostumbrado: las cosas deben de haber sido siempre tal y como son entre nosotros y a nuestro alrededor, y es que todo, al fin y al cabo, resulta bien natural.<\/span><\/p>\n<p style=\"padding-left: 30px;\">\n","protected":false},"excerpt":{"rendered":"<p>&nbsp; SCHLEGEL, Friedrich.\u00a0\u201cKritische Fragmente\u00bb. 1797.\u00a0 Kritische Schriften und Fragmente (1798-18011).\u00a0Studienausgabe.\u00a0Herausgegeben von Ernst Behler und Hans Eichner. Paderborn. M\u00fcnchen. Wien. Z\u00fcrich: Ferdinand Sch\u00f6ningh, Band 1, 1988. 239-250. Impreso. Schlegel,\u00a0Friedrich. \u201cFragmentos cr\u00edticos\u00bb. 1797.\u00a0Fragmentos, seguido de Sobre la incomprensibilidad.\u00a0Trad. y notas de Pere Pajerols. Barcelona: Marbot Ed., 2009. 25-55. Impreso. Schlegel, F.\u00a01797. Insinuatio \/ Cr\u00edtica [frg. 25, p. [&hellip;]<\/p>\n","protected":false},"author":16,"featured_media":0,"parent":0,"menu_order":0,"comment_status":"closed","ping_status":"closed","template":"","meta":{"footnotes":""},"class_list":["post-887","page","type-page","status-publish","hentry"],"_links":{"self":[{"href":"https:\/\/grupos.unileon.es\/mebar\/wp-json\/wp\/v2\/pages\/887","targetHints":{"allow":["GET"]}}],"collection":[{"href":"https:\/\/grupos.unileon.es\/mebar\/wp-json\/wp\/v2\/pages"}],"about":[{"href":"https:\/\/grupos.unileon.es\/mebar\/wp-json\/wp\/v2\/types\/page"}],"author":[{"embeddable":true,"href":"https:\/\/grupos.unileon.es\/mebar\/wp-json\/wp\/v2\/users\/16"}],"replies":[{"embeddable":true,"href":"https:\/\/grupos.unileon.es\/mebar\/wp-json\/wp\/v2\/comments?post=887"}],"version-history":[{"count":3,"href":"https:\/\/grupos.unileon.es\/mebar\/wp-json\/wp\/v2\/pages\/887\/revisions"}],"predecessor-version":[{"id":1150,"href":"https:\/\/grupos.unileon.es\/mebar\/wp-json\/wp\/v2\/pages\/887\/revisions\/1150"}],"wp:attachment":[{"href":"https:\/\/grupos.unileon.es\/mebar\/wp-json\/wp\/v2\/media?parent=887"}],"curies":[{"name":"wp","href":"https:\/\/api.w.org\/{rel}","templated":true}]}}