{"id":95,"date":"2013-07-03T17:03:09","date_gmt":"2013-07-03T17:03:09","guid":{"rendered":"http:\/\/grupos.unileon.es\/mebar\/?page_id=95"},"modified":"2013-12-20T16:27:07","modified_gmt":"2013-12-20T16:27:07","slug":"francisco-manuel-marino","status":"publish","type":"page","link":"https:\/\/grupos.unileon.es\/mebar\/participantes-del-grupo\/francisco-manuel-marino\/","title":{"rendered":"Francisco Manuel Mari\u00f1o"},"content":{"rendered":"<p style=\"text-align: justify;\"><a href=\"http:\/\/grupos.unileon.es\/mebar\/files\/2013\/07\/Manuel.jpg\"><img loading=\"lazy\" decoding=\"async\" class=\"alignleft size-medium wp-image-96\" style=\"border: white 10px solid;\" alt=\"Manuel\" src=\"http:\/\/grupos.unileon.es\/mebar\/files\/2013\/07\/Manuel-300x225.jpg\" width=\"226\" height=\"171\" srcset=\"https:\/\/grupos.unileon.es\/mebar\/files\/2013\/07\/Manuel-300x225.jpg 300w, https:\/\/grupos.unileon.es\/mebar\/files\/2013\/07\/Manuel-1024x768.jpg 1024w\" sizes=\"auto, (max-width: 226px) 100vw, 226px\" \/><\/a>Profesor titular de Filolog\u00eda Alemana\u00a0en la Universidad de Valladolid. Se doctor\u00f3 en 1988 con una tesis sobre la narrativa de Goethe y, desde entonces, la literatura de los siglos XVIII y XIX ocupa uno de sus centros de inter\u00e9s, tanto docente como investigador. Ha sido profesor invitado en la Universidad de M\u00fcnster (Alemania).<!--?xml:namespace prefix = \"o\" ns = \"urn:schemas-microsoft-com:office:office\" \/--><\/p>\n<p style=\"text-align: justify;\">Entre sus m\u00e1s recientes publicaciones, cabe destacar: \u00abTopica goethiana hispana\u00bb (2011); \u00abTraducci\u00f3n y transformaci\u00f3n de una balada de Goethe (<i>Der Erlk\u00f6nig<\/i>) en el sistema literario gallego\u00bb (2012); \u00abEl discurso realista \/ fant\u00e1stico en <i>Der Kleiderschrank<\/i>, de Thomas Mann: una po\u00e9tica de la incertidumbre\u00bb (2012) o \u00abGoethes Nausikaa-Projekt und seine galicische Fortsetzung\u00bb (2013).<\/p>\n","protected":false},"excerpt":{"rendered":"<p>Profesor titular de Filolog\u00eda Alemana\u00a0en la Universidad de Valladolid. Se doctor\u00f3 en 1988 con una tesis sobre la narrativa de Goethe y, desde entonces, la literatura de los siglos XVIII y XIX ocupa uno de sus centros de inter\u00e9s, tanto docente como investigador. Ha sido profesor invitado en la Universidad de M\u00fcnster (Alemania). Entre sus [&hellip;]<\/p>\n","protected":false},"author":16,"featured_media":0,"parent":42,"menu_order":0,"comment_status":"closed","ping_status":"closed","template":"","meta":{"footnotes":""},"class_list":["post-95","page","type-page","status-publish","hentry"],"_links":{"self":[{"href":"https:\/\/grupos.unileon.es\/mebar\/wp-json\/wp\/v2\/pages\/95","targetHints":{"allow":["GET"]}}],"collection":[{"href":"https:\/\/grupos.unileon.es\/mebar\/wp-json\/wp\/v2\/pages"}],"about":[{"href":"https:\/\/grupos.unileon.es\/mebar\/wp-json\/wp\/v2\/types\/page"}],"author":[{"embeddable":true,"href":"https:\/\/grupos.unileon.es\/mebar\/wp-json\/wp\/v2\/users\/16"}],"replies":[{"embeddable":true,"href":"https:\/\/grupos.unileon.es\/mebar\/wp-json\/wp\/v2\/comments?post=95"}],"version-history":[{"count":3,"href":"https:\/\/grupos.unileon.es\/mebar\/wp-json\/wp\/v2\/pages\/95\/revisions"}],"predecessor-version":[{"id":242,"href":"https:\/\/grupos.unileon.es\/mebar\/wp-json\/wp\/v2\/pages\/95\/revisions\/242"}],"up":[{"embeddable":true,"href":"https:\/\/grupos.unileon.es\/mebar\/wp-json\/wp\/v2\/pages\/42"}],"wp:attachment":[{"href":"https:\/\/grupos.unileon.es\/mebar\/wp-json\/wp\/v2\/media?parent=95"}],"curies":[{"name":"wp","href":"https:\/\/api.w.org\/{rel}","templated":true}]}}

Francisco Manuel Mariño

<p style="text-align: justify;"><a href="http://grupos.unileon.es/mebar/files/2013/07/Manuel.jpg"><img loading="lazy" decoding="async" class="alignleft size-medium wp-image-96" style="border: white 10px solid;" alt="Manuel" src="http://grupos.unileon.es/mebar/files/2013/07/Manuel-300x225.jpg" width="226" height="171" srcset="https://grupos.unileon.es/mebar/files/2013/07/Manuel-300x225.jpg 300w, https://grupos.unileon.es/mebar/files/2013/07/Manuel-1024x768.jpg 1024w" sizes="auto, (max-width: 226px) 100vw, 226px" /></a>Profesor titular de Filología Alemana en la Universidad de Valladolid. Se doctoró en 1988 con una tesis sobre la narrativa de Goethe y, desde entonces, la literatura de los siglos XVIII y XIX ocupa uno de sus centros de interés, tanto docente como investigador. Ha sido profesor invitado en la Universidad de Münster (Alemania).<!--?xml:namespace prefix = "o" ns = "urn:schemas-microsoft-com:office:office" /--></p>
<p style="text-align: justify;">Entre sus más recientes publicaciones, cabe destacar: «Topica goethiana hispana» (2011); «Traducción y transformación de una balada de Goethe (<i>Der Erlkönig</i>) en el sistema literario gallego» (2012); «El discurso realista / fantástico en <i>Der Kleiderschrank</i>, de Thomas Mann: una poética de la incertidumbre» (2012) o «Goethes Nausikaa-Projekt und seine galicische Fortsetzung» (2013).</p>

<p>Profesor titular de Filología Alemana en la Universidad de Valladolid. Se doctoró en 1988 con una tesis sobre la narrativa de Goethe y, desde entonces, la literatura de los siglos XVIII y XIX ocupa uno de sus centros de interés, tanto docente como investigador. Ha sido profesor invitado en la Universidad de Münster (Alemania). Entre sus [&hellip;]</p>
