{"id":97,"date":"2013-07-03T17:07:48","date_gmt":"2013-07-03T17:07:48","guid":{"rendered":"http:\/\/grupos.unileon.es\/mebar\/?page_id=97"},"modified":"2013-12-20T16:29:43","modified_gmt":"2013-12-20T16:29:43","slug":"ma-eugenia-perojo-arrone","status":"publish","type":"page","link":"https:\/\/grupos.unileon.es\/mebar\/participantes-del-grupo\/ma-eugenia-perojo-arrone\/","title":{"rendered":"M\u00aa Eugenia Perojo Arronte"},"content":{"rendered":"<p style=\"text-align: justify;\"><a href=\"http:\/\/grupos.unileon.es\/mebar\/files\/2013\/07\/Foto_EugeniaPerojo1.jpg\"><img loading=\"lazy\" decoding=\"async\" class=\"alignleft  wp-image-98\" style=\"border: white 10px solid;\" alt=\"OLYMPUS DIGITAL CAMERA\" src=\"http:\/\/grupos.unileon.es\/mebar\/files\/2013\/07\/Foto_EugeniaPerojo1-225x300.jpg\" width=\"158\" height=\"199\" \/><\/a>Ha dedicado la mayor parte de su labor investigadora al estudio de la literatura inglesa del Romanticismo. Realiz\u00f3 su tesis doctoral sobre la po\u00e9tica y la poes\u00eda de Samuel Taylor Coleridge, tema sobre el que tiene publicados dos libros y diversos art\u00edculos. Ha dedicado tambi\u00e9n varios trabajos al estudio de la teor\u00eda literaria del autor renacentista Philip Sidney, quien en su obra Defence of Poetry, publicada a finales del siglo XVII, realiz\u00f3 una enf\u00e1tica y brillante defensa de la ficci\u00f3n po\u00e9tica. Esta labor se ha visto continuada en un trabajo posterior sobre la teor\u00eda de la novela del comedi\u00f3grafo y novelista ingl\u00e9s del siglo XVIII Henry Fielding, aparecido en 2011.<\/p>\n<p style=\"text-align: justify;\">\u00a0En los \u00faltimos a\u00f1os viene trabajando de forma general en la recepci\u00f3n de la literatura rom\u00e1ntica brit\u00e1nica en Espa\u00f1a. La Dra. Perojo Arronte cuenta con varias publicaciones sobre este tema; ha dirigido un proyecto de investigaci\u00f3n subvencionado por la Junta de Castilla y Le\u00f3n, y en 2011 organiz\u00f3 en la Universidad de Valladolid el congreso anual de la <i>International Byron Society<\/i> (\u201cByron and Latin Culture\u201d) dedicado a la tradici\u00f3n de la cultura latina en la obra de Byron as\u00ed como a la recepci\u00f3n de la obra del poeta ingl\u00e9s en los pa\u00edses de lenguas romances.<\/p>\n","protected":false},"excerpt":{"rendered":"<p>Ha dedicado la mayor parte de su labor investigadora al estudio de la literatura inglesa del Romanticismo. Realiz\u00f3 su tesis doctoral sobre la po\u00e9tica y la poes\u00eda de Samuel Taylor Coleridge, tema sobre el que tiene publicados dos libros y diversos art\u00edculos. Ha dedicado tambi\u00e9n varios trabajos al estudio de la teor\u00eda literaria del autor [&hellip;]<\/p>\n","protected":false},"author":16,"featured_media":0,"parent":42,"menu_order":0,"comment_status":"closed","ping_status":"closed","template":"","meta":{"footnotes":""},"class_list":["post-97","page","type-page","status-publish","hentry"],"_links":{"self":[{"href":"https:\/\/grupos.unileon.es\/mebar\/wp-json\/wp\/v2\/pages\/97","targetHints":{"allow":["GET"]}}],"collection":[{"href":"https:\/\/grupos.unileon.es\/mebar\/wp-json\/wp\/v2\/pages"}],"about":[{"href":"https:\/\/grupos.unileon.es\/mebar\/wp-json\/wp\/v2\/types\/page"}],"author":[{"embeddable":true,"href":"https:\/\/grupos.unileon.es\/mebar\/wp-json\/wp\/v2\/users\/16"}],"replies":[{"embeddable":true,"href":"https:\/\/grupos.unileon.es\/mebar\/wp-json\/wp\/v2\/comments?post=97"}],"version-history":[{"count":5,"href":"https:\/\/grupos.unileon.es\/mebar\/wp-json\/wp\/v2\/pages\/97\/revisions"}],"predecessor-version":[{"id":245,"href":"https:\/\/grupos.unileon.es\/mebar\/wp-json\/wp\/v2\/pages\/97\/revisions\/245"}],"up":[{"embeddable":true,"href":"https:\/\/grupos.unileon.es\/mebar\/wp-json\/wp\/v2\/pages\/42"}],"wp:attachment":[{"href":"https:\/\/grupos.unileon.es\/mebar\/wp-json\/wp\/v2\/media?parent=97"}],"curies":[{"name":"wp","href":"https:\/\/api.w.org\/{rel}","templated":true}]}}