{"id":103,"date":"2017-09-26T07:23:29","date_gmt":"2017-09-26T07:23:29","guid":{"rendered":"http:\/\/grupos.unileon.es\/xxix-jornadas-augac\/?page_id=103"},"modified":"2023-05-02T07:02:51","modified_gmt":"2023-05-02T07:02:51","slug":"ponentes","status":"publish","type":"page","link":"https:\/\/grupos.unileon.es\/xxx-jornadas-augac\/ponentes\/","title":{"rendered":"Ponentes"},"content":{"rendered":"<h2><span style=\"color: #ff0000;\"><strong>PONENTES Y MODERADORES EN MESAS REDONDAS<\/strong><\/span><\/h2>\n<p style=\"font-size: 14pt;\"><strong>&#8211; Juan Salvador P\u00c9REZ VILLANUEVA<\/strong><\/p>\n<p style=\"font-size: 16px;\"><img loading=\"lazy\" decoding=\"async\" style=\"margin: 8px; float: left;\" src=\"https:\/\/grupos.unileon.es\/xxx-jornadas-augac\/files\/2023\/04\/10-Juan-Salvador-PEREZ-VILLANUEVA-2.jpg\" alt=\"\" width=\"244\" height=\"361\" \/>Con m\u00e1s de 30 a\u00f1os de experiencia en el mundo del marketing y la comunicaci\u00f3n universitaria, ha trabajado en diversas disciplinas como producci\u00f3n audiovisual, dise\u00f1o web, maquetaci\u00f3n, comunicaci\u00f3n corporativa y de marketing, y relaciones informativas, siendo actualmente Director de Comunicaci\u00f3n y Publicaciones de la Universitat Jaume I de Castell\u00f3n.<\/p>\n<p style=\"font-size: 16px;\">Con formaci\u00f3n universitaria en comunicaci\u00f3n y marketing, compagina su trabajo profesional con la docencia en m\u00e1steres y cursos espec\u00edficos sobre comunicaci\u00f3n corporativa, comunicaci\u00f3n de marketing, patrocinio y mecenazgo, etc.<\/p>\n<p>&nbsp;<\/p>\n<p><span style=\"font-size: 14pt;\"><strong>&#8211; Luis CELEIRO \u00c1LVAREZ<\/strong><\/span><\/p>\n<p style=\"font-size: 16px;\"><img loading=\"lazy\" decoding=\"async\" style=\"margin: 8px; float: left;\" src=\"https:\/\/grupos.unileon.es\/xxx-jornadas-augac\/files\/2023\/04\/01-Luis-CELEIRO-ALVAREZ.jpg\" alt=\"\" width=\"239\" height=\"280\" \/>Periodista, licenciado en Ciencias de la Informaci\u00f3n por la Universidad Complutense de Madrid (1981), y doctor en Sociolog\u00eda y Ciencias Pol\u00edticas, por la Universidad de Santiago de Compostela (1995). Fue profesor de Periodismo y director de Comunicaci\u00f3n de la Universidad de Santiago de Compostela hasta su jubilaci\u00f3n en diciembre de 2020.<\/p>\n<p style=\"font-size: 16px;\">Es estudioso del Camino de Santiago. En el a\u00f1o 2007, la Xunta de Galicia public\u00f3, en gallego y castellano, su libro \u2018El\u00edas Vali\u00f1a, valedor del Camino\u2019, un ensayo biogr\u00e1fico sobre el cura de O Cebreiro, inventor de las flechas amarillas con las que se se\u00f1aliza el Camino. Este libro, formando parte de un proyecto did\u00e1ctico de la Universidad de Cagliari, fue traducido al italiano en 2018.<\/p>\n<p style=\"font-size: 16px;\">Sus trabajos en el campo de la investigaci\u00f3n se centraron en la comunicaci\u00f3n en las organizaciones y en el Camino de Santiago. Es vicepresidente de la Asociaci\u00f3n de Periodistas y Estudiosos del Camino de Santiago (APECSA), miembro numerario de la Academia Xacobea, miembro del Colegio Profesional de Periodistas de Galicia, de la Asociaci\u00f3n de Periodistas de Santiago de Compostela y de la Asociaci\u00f3n Gallega de Amigos del Camino de Santiago (AGACS). Los vecinos de su pueblo natal, Samos (Lugo), le nombraron \u2018Valedor del Camino\u2019, en el a\u00f1o 2022.<\/p>\n<p style=\"font-size: 16px;\">Pertenece a AUGAC (Asociaci\u00f3n de Profesionales de Gabinetes de Comunicaci\u00f3n de Universidades y Centros de Investigaci\u00f3n del Estado Espa\u00f1ol), de la que es miembro \u2018em\u00e9rito\u2019, desde su 1989.<\/p>\n<p style=\"font-size: 14pt;\"><strong>&#8211; Adelaida \u2018Yaya\u2019 HERN\u00c1NDEZ GUERRA<\/strong><\/p>\n<p style=\"font-size: 16px;\"><img loading=\"lazy\" decoding=\"async\" style=\"margin: 8px; float: left;\" src=\"https:\/\/grupos.unileon.es\/xxx-jornadas-augac\/files\/2023\/04\/02-Adelaida-Yaya-HERNANDEZ-GUERRA.jpg\" alt=\"\" width=\"236\" height=\"306\" \/>Licenciada en Ciencias de la Informaci\u00f3n-Periodismo en la Universidad Complutense de Madrid. Inici\u00f3 su vida profesional en la Cadena SER en Granada y en los diarios \u2018Granada\u2019 y \u2018Ja\u00e9n\u2019, para posteriormente incorporarse al diario \u2018Canarias7\u2019.<\/p>\n<p style=\"font-size: 16px;\">En marzo de 1989, apenas un par de meses antes de la creaci\u00f3n de la Universidad de Las Palmas de Gran Canaria (ULPGC), se incorpor\u00f3 como Jefa de Prensa, cargo que ha desempe\u00f1ado hasta su jubilaci\u00f3n, en diciembre de 2022.<\/p>\n<p style=\"font-size: 16px;\">Ha impartido cursos de comunicaci\u00f3n y relaci\u00f3n con los medios, y de divulgaci\u00f3n de la ciencia. Desde 1989 forma parte, ahora como \u2018em\u00e9rita\u2019, de la Asociaci\u00f3n AUGAC.<\/p>\n<p style=\"font-size: 14pt;\"><strong>&#8211; M\u00aa Rosa GARC\u00cdA MIRASIERRAS<\/strong><\/p>\n<p style=\"font-size: 16px;\"><img loading=\"lazy\" decoding=\"async\" style=\"margin: 8px; float: left;\" src=\"https:\/\/grupos.unileon.es\/xxx-jornadas-augac\/files\/2023\/04\/03-Maria-Rosa-GARCIA-MIRASIERRAS.jpg\" alt=\"\" width=\"240\" height=\"305\" \/>Licenciada en Ciencias de la Informaci\u00f3n, secci\u00f3n periodismo, aunque la carrera la hice en la Escuela Oficial de Periodismo en los a\u00f1os sesenta del siglo pasado, y pertenece a la promoci\u00f3n que este a\u00f1o cumple 50 a\u00f1os. Ha trabajado en diversos medios de comunicaci\u00f3n, como la Agencia EFE, el diario Arriba, de Madrid y el diario Informaci\u00f3n de Alicante (desde 1974 a 1984) y ha colaborado en tertulias de la Cadena SER-Radio Alicante, con una intervenci\u00f3n semanal durante tres a\u00f1os.<\/p>\n<p style=\"font-size: 16px;\">En 1984 inici\u00f3 su andadura en la comunicaci\u00f3n organizacional, creando el Gabinete de Prensa, que m\u00e1s tarde transform\u00f3 en Gabinete de Comunicaci\u00f3n, de la Universidad de Alicante, unidad que dirigi\u00f3 hasta la jubilaci\u00f3n. En el a\u00f1o 2001 inici\u00f3 simult\u00e1neamente una etapa como Profesora Asociada en la Universidad de Alicante, en el Grado de Publicidad y Relaciones P\u00fablicas.<\/p>\n<p style=\"font-size: 16px;\">Ha sido Presidenta de la Asociaci\u00f3n Dones i Comunicaci\u00f3 d\u00b4Alacant, formada por mujeres periodistas de la provincia de Alicante y tambi\u00e9n tuvo el honor de presidir de 2005 a 2007 la Asociaci\u00f3n AUGAC), de la que fue fundadora y hoy miembro em\u00e9rito.<\/p>\n<p style=\"font-size: 14pt;\"><strong>&#8211; Pilar CUENA BOTR\u00c1N<\/strong><\/p>\n<p style=\"font-size: 16px;\"><img loading=\"lazy\" decoding=\"async\" style=\"margin: 8px; float: left;\" src=\"https:\/\/grupos.unileon.es\/xxx-jornadas-augac\/files\/2023\/04\/04-Pilar-CUENA-BOTRAN.jpg\" alt=\"\" width=\"240\" height=\"283\" \/>Licenciada en Ciencias de la Informaci\u00f3n rama Periodismo por la Universidad Complutense de Madrid, se especializ\u00f3 en comunicaci\u00f3n en el \u00e1mbito universitario.<\/p>\n<p style=\"font-size: 16px;\">Durante m\u00e1s de tres d\u00e9cadas fue Jefa de Prensa de la Universidad Aut\u00f3noma de Madrid, donde se jubil\u00f3 en febrero de 2021.<\/p>\n<p style=\"font-size: 16px;\">Miembro de AUGAC desde su creaci\u00f3n, en la actualidad \u2018em\u00e9rita\u2019, fue presidenta de la Asociaci\u00f3n entre 1997 y 2000, y vicepresidenta de 2007 a 2011.<\/p>\n<p>&nbsp;<\/p>\n<p style=\"font-size: 14pt;\"><strong>&#8211; Pedro UGARTE TAMAYO<\/strong><\/p>\n<p style=\"font-size: 16px;\"><img loading=\"lazy\" decoding=\"async\" style=\"margin: 8px; float: left;\" src=\"https:\/\/grupos.unileon.es\/xxx-jornadas-augac\/files\/2023\/04\/05-Pedro-UGARTE-TAMAYO.jpg\" alt=\"\" width=\"241\" height=\"327\" \/> Naci\u00f3 en Bilbao (1963) y es abogado-economista por la Universidad de Deusto.<\/p>\n<p style=\"font-size: 16px;\">Lleva trabajando para distintos medios de comunicaci\u00f3n desde hace 40 a\u00f1os y desarrollando responsabilidades en gabinetes de comunicaci\u00f3n desde hace 31, primero en la Asociaci\u00f3n de Municipios Vascos y, a continuaci\u00f3n, en la Universidad del Pa\u00eds Vasco (UPV\/EHU).<\/p>\n<p style=\"font-size: 16px;\">En 2020 y 2021 fue presidente de AUGAC. Como escritor de literatura, ha publicado 21 libros, la mayor\u00eda de ellos de narrativa. Finalista del Premio Herralde, ha ganado los premios Nervi\u00f3n, Euskadi de Literatura, Papeles de Zabalanda, Lengua de Trapo, Logro\u00f1o y Julio Camba. Algunas de sus novelas se han traducido al italiano y al franc\u00e9s, y sus cuentos al euskera, polaco y alem\u00e1n.<\/p>\n<p style=\"font-size: 14pt;\"><strong>&#8211; Flor \u00c1LVAREZ TABOADA<\/strong><\/p>\n<p style=\"font-size: 16px;\"><img loading=\"lazy\" decoding=\"async\" style=\"margin: 8px; float: left;\" src=\"https:\/\/grupos.unileon.es\/xxx-jornadas-augac\/files\/2023\/04\/06-Flor-ALVAREZ-TABOADA.jpg\" alt=\"\" width=\"241\" height=\"285\" \/>Ingeniera Forestal e Ingeniera de Montes (Universidad de Santiago de Compostela, 1998, 2000), Doctora con menci\u00f3n Europea (Universidad de Vigo, 2006). Profesora Titular de Universidad de la Universidad de Le\u00f3n (2011) con un perfil docente e investigador de teledetecci\u00f3n y seguimiento de los recursos naturales empleando GIS y sensores remotos.<\/p>\n<p style=\"font-size: 16px;\">Ha realizado estancias de investigaci\u00f3n como el Pacific Forestry Centre del Servicio Forestal Canadiense (Victoria, Canad\u00e1), el International Training Centre (ITC) (Enschede, Holanda), o la Technische Universitat Munchen (Alemania).<\/p>\n<p style=\"font-size: 16px;\">Ha sido subdirectora de la Escuela de Ingenier\u00eda Agraria y Forestal para el Campus de Ponferrada entre 2014 y 2021.<\/p>\n<p style=\"font-size: 16px;\">Ha coordinado en la Universidad de Le\u00f3n dos proyectos ERASMUS+ Capacity Building para la modernizaci\u00f3n de la formaci\u00f3n en geodesia en los Balcanes (GEOWEB) y para el uso de la geoinform\u00e1tica para el desarrollo sostenible de los recursos naturales en Jordania (Geo4D).<\/p>\n<p style=\"font-size: 16px;\">En la actualidad estudia c\u00f3mo podemos hacer la detecci\u00f3n y seguimiento de da\u00f1os en nuestros ecosistemas en tiempo casi real y de forma temprana, empleando Big Data e inteligencia artificial, a partir de im\u00e1genes de sat\u00e9lite, nubes de puntos 3D, sensores ecofisiol\u00f3gicos e Internet de las Cosas.<\/p>\n<p style=\"font-size: 14pt;\"><strong>&#8211; Pascual VERA NICOL\u00c1S<\/strong><\/p>\n<p style=\"font-size: 16px;\"><img loading=\"lazy\" decoding=\"async\" style=\"margin: 8px; float: left;\" src=\"https:\/\/grupos.unileon.es\/xxx-jornadas-augac\/files\/2023\/04\/07-Pascual-VERA-NICOLAS-1.jpg\" alt=\"\" width=\"245\" height=\"332\" \/>Pascual Vera Nicol\u00e1s naci\u00f3 en Murcia el mismo a\u00f1o que Hitchcock realizaba \u2018V\u00e9rtigo\u2019, Orson Welles daba las \u00faltimas vueltas de manivela a \u2018Sed de mal\u2019 y Truffaut conclu\u00eda \u2018Los 400 golpes\u2019.<\/p>\n<p style=\"font-size: 16px;\">Es licenciado en Historia Moderna y Contempor\u00e1nea y Doctor en Pedagog\u00eda y Ciencias de la Educaci\u00f3n con la tesis \u2018Cine, cultura y educaci\u00f3n en Espa\u00f1a. La formaci\u00f3n de los espa\u00f1oles a trav\u00e9s de su cine (1966-2000)\u2019. Entre 1995 y 2009 fue director de la Revista Campus de la Universidad de Murcia.<\/p>\n<p style=\"font-size: 16px;\">Desde su fundaci\u00f3n en 1987 hasta 2013 fue cr\u00edtico del diario \u2018La Opini\u00f3n\u2019. Es asiduo colaborador de prensa en los dos diarios de la capital murciana. Ha publicado, entre otros, los siguientes libros sobre cine: \u2018Vicente Aranda\u2019, \u2018Empresa y exhibici\u00f3n cinematogr\u00e1fica en Murcia (1895-1939)\u2019, \u2018Creadores de<\/p>\n<p style=\"font-size: 16px;\">sue\u00f1os\u2019, \u2018Cerca de las estrellas\u2019 y \u2018Dise\u00f1adores gr\u00e1ficos del cine espa\u00f1ol\u2019 (\u00e9ste en colaboraci\u00f3n); \u2018\u00danico testigo. El espectador ante el fen\u00f3meno cinematogr\u00e1fico\u2019, \u2018El cine y la educaci\u00f3n de los espa\u00f1oles\u2019, \u2018Mar\u00eda Luisa san Jos\u00e9, en cuerpo y alma\u2019, y \u2018Los mejores a\u00f1os de nuestra vida\u2019 entre otros.<\/p>\n<p style=\"font-size: 16px;\">Tambi\u00e9n es autor de otros libros relacionados con la historia como, \u2018Universidad de Murcia. Pasado, presente y futuro\u2019, o \u2018Murcia, tierra de escritores\u2019.<\/p>\n<p style=\"font-size: 16px;\">Ha publicado un millar de art\u00edculos, entrevistas y reportajes en diversas publicaciones, fundamentalmente de cine e historia. Ha sido comisario de numerosas exposiciones relacionadas con la Universidad de Murcia y con diversos aspectos hist\u00f3ricos y culturales de la Regi\u00f3n de Murcia.<\/p>\n<p style=\"font-size: 14pt;\"><strong>&#8211; Jos\u00e9 Luis PRADA M\u00c9NDEZ<\/strong><\/p>\n<p style=\"font-size: 16px;\"><img loading=\"lazy\" decoding=\"async\" style=\"margin: 8px; float: left;\" src=\"https:\/\/grupos.unileon.es\/xxx-jornadas-augac\/files\/2023\/04\/08-Jose-Luis-PRADA-MENDEZ.jpg\" alt=\"\" width=\"244\" height=\"318\" \/>Hecho a s\u00ed mismo, este culo inquieto y viajero impenitente desde muy joven, tuvo claro que en el Bierzo hab\u00eda productos incre\u00edbles pero infravalorados, en los que val\u00eda la pena creer si se hac\u00eda desde la autenticidad y la honestidad.<\/p>\n<p style=\"font-size: 16px;\">Y a eso decidi\u00f3 dedicar su vida, dando ejemplo con su saber hacer y predicando una filosof\u00eda de defensa de la comarca del Bierzo que cada vez sumaba m\u00e1s adeptos, seg\u00fan iban viendo los resultados de esa honestidad de ideas combinada con la tenacidad en el trabajo.<\/p>\n<p style=\"font-size: 16px;\">Lo que la tierra nos entrega debe ser transformado como merece y conseguir el valor a\u00f1adido para los que viven de ello, solo as\u00ed se mantendr\u00e1 la calidad en lo m\u00e1s alto.<\/p>\n<p style=\"font-size: 16px;\">De las conservas artesanales al vino del Bierzo, pasando por la restauraci\u00f3n y el alojamiento o el enoturismo, en el que fue pionero en El Bierzo, todo lo que Prada emprende tiene su sello particular y el ideal de ser lo mejor en su categor\u00eda.<\/p>\n<p style=\"font-size: 14pt;\"><strong>&#8211; Gabriel G\u00d3MEZ GONZ\u00c1LEZ<\/strong><\/p>\n<p style=\"font-size: 16px;\"><img loading=\"lazy\" decoding=\"async\" style=\"margin: 8px; float: left;\" src=\"https:\/\/grupos.unileon.es\/xxx-jornadas-augac\/files\/2023\/04\/09-Gabriel-GOMEZ-GONZALEZ.jpg\" alt=\"\" width=\"241\" height=\"333\" \/> Periodista y comunicador, Master en dise\u00f1o, identidad visual y construcci\u00f3n de marca por la Universitat Oberta de Catalunya, Master en Comunicaci\u00f3n Corporativa, licenciado en Comunicaci\u00f3n Audiovisual por la Universidad CEU San Pablo de Madrid y diplomado en Econom\u00eda por la Universidad Complutense. Destaca como mentor y formador, y su carrera profesional siempre ha estado vinculada a los \u00e1mbitos de la comunicaci\u00f3n y el marketing,<\/p>\n<p style=\"font-size: 16px;\">De forma paralela y en permanente proceso de formaci\u00f3n, colabora como tertuliano en el programa Afterwork de Capital Radio, participa en el proyecto Infoempleo Hr Trends, es fundador y conductor del programa \u2018Pasi\u00f3n y Talento\u2019 especializado en marketing, y ha sido conferenciante en diversos encuentros en los que despliega sus conocimientos de Comunicaci\u00f3n, Marketing y Publicidad plasmados tambi\u00e9n en su libro \u2018Menos hashtag y m\u00e1s mirar a los ojos\u2019.<\/p>\n<p style=\"font-size: 16px;\">En la actualidad es Director de Operaciones de Puentia (consultora especializada en comunicaci\u00f3n estrat\u00e9gica, marca, reputaci\u00f3n, relaciones p\u00fablicas, formaci\u00f3n y producci\u00f3n).<\/p>\n<p style=\"font-size: 14pt;\"><strong>&#8211; Raquel DOM\u00cdNGUEZ FERN\u00c1NDEZ<\/strong><\/p>\n<p style=\"font-size: 16px;\"><img loading=\"lazy\" decoding=\"async\" style=\"margin: 8px; float: left;\" src=\"https:\/\/grupos.unileon.es\/xxx-jornadas-augac\/files\/2023\/04\/Raquel-Dominguez-Fernandez-01.jpg\" alt=\"\" width=\"241\" height=\"266\" \/>Directora de Relaciones Institucionales de la ULE desde 2016, centro en el que se licenci\u00f3 en Geograf\u00eda e Historia, en el que tambi\u00e9n obtuvo el doctorado con una tesis sobre los usos del agua en la cuenca leonesa del Sil, y en el que imparte docencia en diferentes titulaciones y en diversos centros como las Facultades de Filosof\u00eda y Letras y de Educaci\u00f3n.<\/p>\n<p style=\"font-size: 16px;\">Ha dirigido o formado parte de varios proyectos de investigaci\u00f3n y de innovaci\u00f3n docente financiados en convocatorias p\u00fablicas, ha publicado numerosos art\u00edculos y ha sido ponente en diversos congresos nacionales e internacionales, habiendo completado su formaci\u00f3n con estancias en otras universidades como la Universidad de Utrech (Pa\u00edses Bajos), la Universidad Nacional de Luj\u00e1n (Argentina) o la Universidad Federal de Pelotas (Brasil).<\/p>\n<p style=\"font-size: 16px;\">En sus l\u00edneas de investigaci\u00f3n se aprecian dos vertientes, por un lado, los estudios geogr\u00e1ficos, centrados en los recursos h\u00eddricos y el medio rural, por otro, los de car\u00e1cter did\u00e1ctico, con el foco en el aprendizaje de los conceptos espaciales y en la evaluaci\u00f3n formativa. Pertenece al grupo de investigaci\u00f3n geogr\u00e1fica INVESTER y al multidisciplinar de innovaci\u00f3n docente IFAHE Finalmente hay qu destacar su participaci\u00f3n en el dise\u00f1o y puesta en marcha del programa de becas RALBAR.<\/p>\n<p style=\"font-size: 14pt;\"><strong>&#8211; Pedro LECHUGA MALLO<\/strong><\/p>\n<p style=\"font-size: 16px;\"><img loading=\"lazy\" decoding=\"async\" style=\"margin: 8px; float: left;\" src=\"https:\/\/grupos.unileon.es\/xxx-jornadas-augac\/files\/2023\/04\/11-pedro-lechuga-mallo-foto.jpg\" alt=\"\" width=\"247\" height=\"332\" \/>Pedro Lechuga Mallo (Le\u00f3n, 1978) es licenciado en Ciencias de la Informaci\u00f3n por la Universidad Pontificia de Salamanca. Durante su trayectoria profesional ha ejercido la profesi\u00f3n period\u00edstica en medios televisivos, escritos y radiof\u00f3nicos.<\/p>\n<p style=\"font-size: 16px;\">En 2015 comenz\u00f3 a ejercer labores de comunicaci\u00f3n corporativa en la Fundaci\u00f3n Carriegos y la Cl\u00ednica San Francisco. Actualmente es el responsable de Comunicaci\u00f3n de la zona noroeste de HM Hospitales, responsabilidad que compatibiliza con la direcci\u00f3n de documentales de investigaci\u00f3n. Asimismo, es decano del Colegio Profesional de Periodistas de Castilla y Le\u00f3n y presidente de la Red de Colegios de Periodistas de Espa\u00f1a.<\/p>\n<h2><span style=\"color: #ff0000;\"><strong>COMISARIA DE LA EXPOSICI\u00d3N \u2018Treinta y tres primaveras\u2019<\/strong><\/span><\/h2>\n<p style=\"font-size: 14pt;\"><strong>&#8211; Ana Mar\u00eda MART\u00cdN LUQUE<\/strong><\/p>\n<p style=\"font-size: 16px;\"><img loading=\"lazy\" decoding=\"async\" style=\"margin: 8px; float: left;\" src=\"https:\/\/grupos.unileon.es\/xxx-jornadas-augac\/files\/2023\/04\/Ana-Maria-MARTIN-LUQUE.jpg\" alt=\"\" width=\"241\" height=\"297\" \/>Natural de Archidona (M\u00e1laga), es licenciada en Filosof\u00eda y Letras,curs\u00f3 la especialidad de Historia Contempor\u00e1nea en la Universidad de Murcia. En la actualidad es Jefa de la Secci\u00f3n de Comunicaci\u00f3n de dicha universidad. Desde 1982 trabaja en el Servicio de Comunicaci\u00f3n de la Universidad de Murcia, ha colaborado en la puesta en marcha del archivo de Cine de la instituci\u00f3n, y form\u00f3 parte del staff de la Revista Campus y la Agenda Cultural de la dicha Universidad desde su fundaci\u00f3n en 1985.<\/p>\n<p style=\"font-size: 16px;\">Desde 2009 dirige la Revista Digital Campus y coordina el archivo Fotogr\u00e1fico de la instituci\u00f3n. Tambi\u00e9n ha coordinado y documentado libros y exposiciones relacionados con la historia de la Universidad de Murcia: \u2018Universidad de Murcia. Pasado, presente y futuro\u2019, \u2018El centenario de la Universidad de Murcia\u2019 o \u2018De buen ayre e de fermosas salidas. Cr\u00f3nica de 777 a\u00f1os de la Universidad de Murcia (1243-2020)\u2019. As\u00ed como las relacionadas con Murcia: \u2018Murcia, tierra de escritores\u2019, \u2018Parlamentarios por Murcia, dos siglos al servicio de una regi\u00f3n\u2019, \u2018Palabras en libertad\u2019, \u2018Murcia y el agua. Historia de una pasi\u00f3n\u2019, \u2018Los diputados murcianos en las Cortes de C\u00e1diz\u2019.<\/p>\n<p style=\"font-size: 16px;\">Es miembro activo de AUGAC desde 1986, y conocedora de su historia, habiendo participado y seguido de cerca la trayectoria y la evoluci\u00f3n de esta asociaci\u00f3n. Ha realizado anteriores exposiciones de esta asociaci\u00f3n con motivos de los XX y XXV Aniversarios. Ha representado a su universidad en los diversos foros de comunicaci\u00f3n universitaria en las \u00faltimas d\u00e9cadas. Le gusta la fotograf\u00eda y el cine, disfruta de ellos como parte de su trabajo, como documento hist\u00f3rico y por su valor comunicativo. Una imagen vale m\u00e1s que mil palabras. Aunque si unas y otras se apoyan, el resultado puede ser extraordinario.<\/p>\n<h2><span style=\"color: #ff0000;\"><strong>ORGANIZACI\u00d3N DE LAS JORNADAS<\/strong><\/span><\/h2>\n<p style=\"font-size: 14pt;\"><strong>&#8211; Carlos VICENTE RUBIO<\/strong><\/p>\n<p style=\"font-size: 16px;\"><img loading=\"lazy\" decoding=\"async\" style=\"margin: 8px; float: left;\" src=\"https:\/\/grupos.unileon.es\/xxx-jornadas-augac\/files\/2023\/04\/12-Carlos-Vicente-Rubio.jpg\" alt=\"\" width=\"242\" height=\"291\" \/>Licenciado en Ciencias de la Informaci\u00f3n-Periodismo (1987) y licenciado en Ciencias Sociales y de la Comunicaci\u00f3n-Publicidad (1991) por la Universidad del Pa\u00eds Vasco. M\u00e1ster en Comunicaci\u00f3n Empresarial por ASECOM (1992). Experto en Informaci\u00f3n y Comunicaci\u00f3n por la Escuela Superior de la Funci\u00f3n P\u00fablica (2000). T\u00e9cnico en Protocolo, Imagen y Relaciones Sociales Empresariales (2007) por la Escuela T\u00e9cnica de Barcelona.<\/p>\n<p style=\"font-size: 16px;\">Inici\u00f3 su trayectoria profesional en radio (JMC Radio), prensa escrita (El Correo Espa\u00f1ol El Pueblo Vasco de Bilbao) y televisi\u00f3n (RTVE Servicios Informativos en Torrespa\u00f1a, Madrid), para pasar despu\u00e9s a centrar su labor en la comunicaci\u00f3n institucional como Jefe de Prensa de la Fundaci\u00f3n Salamanca.<\/p>\n<p style=\"font-size: 16px;\">En 1989 se incorpor\u00f3 a la Universidad de Le\u00f3n (ULE) para dise\u00f1ar y poner en marcha el Gabinete de Prensa y Comunicaciones, del que es responsable hasta la fecha. Ha escrito art\u00edculos y columnas de opini\u00f3n en todo tipo de medios, y tambi\u00e9n ha participado en debates y coloquios en emisoras de radio y televisi\u00f3n local.<\/p>\n<p style=\"font-size: 16px;\">En el \u00e1mbito acad\u00e9mico, ha realizado numerosos cursos, impartido clases en la ULE (Programa de la Experiencia, T\u00edtulo propio de Protocolo y Comunicaci\u00f3n), y en diversos Cursos de Verano y Congresos, en los que ha sido tambi\u00e9n director, ponente y organizador. Se integr\u00f3 en AUGAC en 1989, asociaci\u00f3n en la que ha formado parte de la Junta Directiva en el periodo 2004 &#8211; 2007.<\/p>\n","protected":false},"excerpt":{"rendered":"<p>PONENTES Y MODERADORES EN MESAS REDONDAS &#8211; Juan Salvador P\u00c9REZ VILLANUEVA Con m\u00e1s de 30 a\u00f1os de experiencia en el mundo del marketing y la comunicaci\u00f3n universitaria, ha trabajado en diversas disciplinas como producci\u00f3n audiovisual, dise\u00f1o web, maquetaci\u00f3n, comunicaci\u00f3n corporativa y de marketing, y relaciones informativas, siendo actualmente Director de Comunicaci\u00f3n y Publicaciones de la [&hellip;]<\/p>\n","protected":false},"author":50,"featured_media":0,"parent":0,"menu_order":0,"comment_status":"closed","ping_status":"closed","template":"","meta":{"footnotes":""},"class_list":["post-103","page","type-page","status-publish","hentry"],"_links":{"self":[{"href":"https:\/\/grupos.unileon.es\/xxx-jornadas-augac\/wp-json\/wp\/v2\/pages\/103","targetHints":{"allow":["GET"]}}],"collection":[{"href":"https:\/\/grupos.unileon.es\/xxx-jornadas-augac\/wp-json\/wp\/v2\/pages"}],"about":[{"href":"https:\/\/grupos.unileon.es\/xxx-jornadas-augac\/wp-json\/wp\/v2\/types\/page"}],"author":[{"embeddable":true,"href":"https:\/\/grupos.unileon.es\/xxx-jornadas-augac\/wp-json\/wp\/v2\/users\/50"}],"replies":[{"embeddable":true,"href":"https:\/\/grupos.unileon.es\/xxx-jornadas-augac\/wp-json\/wp\/v2\/comments?post=103"}],"version-history":[{"count":36,"href":"https:\/\/grupos.unileon.es\/xxx-jornadas-augac\/wp-json\/wp\/v2\/pages\/103\/revisions"}],"predecessor-version":[{"id":387,"href":"https:\/\/grupos.unileon.es\/xxx-jornadas-augac\/wp-json\/wp\/v2\/pages\/103\/revisions\/387"}],"wp:attachment":[{"href":"https:\/\/grupos.unileon.es\/xxx-jornadas-augac\/wp-json\/wp\/v2\/media?parent=103"}],"curies":[{"name":"wp","href":"https:\/\/api.w.org\/{rel}","templated":true}]}}