{"id":111,"date":"2017-09-26T07:32:06","date_gmt":"2017-09-26T07:32:06","guid":{"rendered":"http:\/\/grupos.unileon.es\/xxix-jornadas-augac\/?page_id=111"},"modified":"2023-04-26T17:43:53","modified_gmt":"2023-04-26T17:43:53","slug":"inscripciones","status":"publish","type":"page","link":"https:\/\/grupos.unileon.es\/xxx-jornadas-augac\/inscripciones\/","title":{"rendered":"Inscripciones"},"content":{"rendered":"<p><span style=\"font-size: 14pt;\">La inscripci\u00f3n se ha de realizar online en el siguiente <span style=\"font-size: 18pt; color: #ff0000;\"><a style=\"color: #ff0000;\" href=\"http:\/\/extensionuniversitaria.unileon.es\/euniversitaria\/curso.aspx?id=2749\"><strong>ENLACE<\/strong><\/a><\/span><\/span><\/p>\n<p><span style=\"font-size: 14pt;\">El plazo finaliza el 19 de mayo de 2023.<\/span><\/p>\n<p><span style=\"font-size: 14pt;\"><strong>Importante:<\/strong> Se ruega a los participantes que una vez realizada la inscripci\u00f3n env\u00eden un correo electr\u00f3nico a <a href=\"mailto:gercvr@unileon.es\">gercvr@unileon.es<\/a> indicando si van a acudir a la cena de clausura del viernes 26 de mayo, a las actividades programadas para el jueves 25 (recepci\u00f3n y visita al Castillo de los Templarios), y las de la ma\u00f1ana del s\u00e1bado 27 (excursi\u00f3n y visita a Las M\u00e9dulas).<\/span><\/p>\n<p><span style=\"font-size: 14pt;\">Finalmente, hay que a\u00f1adir que desde la direcci\u00f3n de AUGAC se ha valorado la posibilidad (en caso de que se aprecie que existe esa necesidad) de facilitar un <strong>transporte el s\u00e1bado 27 por la ma\u00f1ana desde Ponferrada a Le\u00f3n<\/strong> a los socios que lo necesiten para que puedan enlazar con sus trenes a Madrid y as\u00ed tomar sus vuelos de regreso a sus ciudades de origen. <\/span><\/p>\n<p><span style=\"font-size: 14pt;\">Quienes necesiten este transporte, por favor que lo comuniquen a la direcci\u00f3n anteriormente indicada, en el mismo correo electr\u00f3nico en el que se\u00f1alen las actividades en las que desean participar. Gracias.<\/span><\/p>\n<p>&nbsp;<\/p>\n","protected":false},"excerpt":{"rendered":"<p>La inscripci\u00f3n se ha de realizar online en el siguiente ENLACE El plazo finaliza el 19 de mayo de 2023. Importante: Se ruega a los participantes que una vez realizada la inscripci\u00f3n env\u00eden un correo electr\u00f3nico a gercvr@unileon.es indicando si van a acudir a la cena de clausura del viernes 26 de mayo, a las [&hellip;]<\/p>\n","protected":false},"author":50,"featured_media":0,"parent":0,"menu_order":0,"comment_status":"closed","ping_status":"closed","template":"","meta":{"footnotes":""},"class_list":["post-111","page","type-page","status-publish","hentry"],"_links":{"self":[{"href":"https:\/\/grupos.unileon.es\/xxx-jornadas-augac\/wp-json\/wp\/v2\/pages\/111","targetHints":{"allow":["GET"]}}],"collection":[{"href":"https:\/\/grupos.unileon.es\/xxx-jornadas-augac\/wp-json\/wp\/v2\/pages"}],"about":[{"href":"https:\/\/grupos.unileon.es\/xxx-jornadas-augac\/wp-json\/wp\/v2\/types\/page"}],"author":[{"embeddable":true,"href":"https:\/\/grupos.unileon.es\/xxx-jornadas-augac\/wp-json\/wp\/v2\/users\/50"}],"replies":[{"embeddable":true,"href":"https:\/\/grupos.unileon.es\/xxx-jornadas-augac\/wp-json\/wp\/v2\/comments?post=111"}],"version-history":[{"count":11,"href":"https:\/\/grupos.unileon.es\/xxx-jornadas-augac\/wp-json\/wp\/v2\/pages\/111\/revisions"}],"predecessor-version":[{"id":373,"href":"https:\/\/grupos.unileon.es\/xxx-jornadas-augac\/wp-json\/wp\/v2\/pages\/111\/revisions\/373"}],"wp:attachment":[{"href":"https:\/\/grupos.unileon.es\/xxx-jornadas-augac\/wp-json\/wp\/v2\/media?parent=111"}],"curies":[{"name":"wp","href":"https:\/\/api.w.org\/{rel}","templated":true}]}}