{"id":23,"date":"2017-07-26T09:34:09","date_gmt":"2017-07-26T09:34:09","guid":{"rendered":"http:\/\/grupos.unileon.es\/xxix-jornadas-augac\/?page_id=23"},"modified":"2023-04-17T11:04:15","modified_gmt":"2023-04-17T11:04:15","slug":"informacion-de-leon-capital","status":"publish","type":"page","link":"https:\/\/grupos.unileon.es\/xxx-jornadas-augac\/informacion-de-leon-capital\/","title":{"rendered":"Informaci\u00f3n de Ponferrada capital"},"content":{"rendered":"<p><span style=\"font-size: 14pt;\"><b><img loading=\"lazy\" decoding=\"async\" class=\"alignnone wp-image-312\" src=\"https:\/\/grupos.unileon.es\/xxx-jornadas-augac\/files\/2023\/04\/AYTO-Ponfe.jpg\" alt=\"\" width=\"650\" height=\"433\" \/>Ponferrada<\/b> es un municipio y ciudad espa\u00f1ola de la provincia de Le\u00f3n, en la comunidad aut\u00f3noma de Castilla y Le\u00f3n. <\/span><span style=\"font-size: 14pt;\">Se encuentra en la comarca de El Bierzo<\/span><span style=\"font-size: 14pt;\">, de la cual es capital.<\/span><\/p>\n<p><span style=\"font-size: 14pt;\">Aunque existen indicios de poblamiento tanto en el Neol\u00edtico (en las orillas del Sil), como en la Edad del Hierro y en la \u00e9poca romana, no es hasta el siglo XI\u00a0cuando tenemos constancia documental. Es al final de ese siglo cuando el obispo Osmundo de Astorga\u00a0 ordena la construcci\u00f3n de un puente, en torno al a\u00f1o 1082, con la colaboraci\u00f3n del rey Alfonso VI de Le\u00f3n, para facilitar el tr\u00e1nsito de los peregrinos del Camino de Santiago, debido a las dificultades que supon\u00eda el paso del r\u00edo Sil.<\/span><\/p>\n<p><span style=\"font-size: 14pt;\"><img loading=\"lazy\" decoding=\"async\" class=\"wp-image-315 aligncenter\" src=\"https:\/\/grupos.unileon.es\/xxx-jornadas-augac\/files\/2023\/04\/Calle-reloj.jpg\" alt=\"\" width=\"600\" height=\"798\" \/>Este nuevo puente se reforz\u00f3 con hierro, y esta circunstancia dio nombre, posteriormente, a la poblaci\u00f3n que creci\u00f3 en sus alrededores. Al poco se fund\u00f3 la Iglesia de San Pedro, en 1086 y a su alrededor surgi\u00f3 La Puebla de San Pedro que es como se llam\u00f3 primeramente a Ponferrada, para pasar a denominarse poco despu\u00e9s Ponte Ferrato.<\/span><\/p>\n<p><span style=\"font-size: 14pt;\"><span style=\"font-size: 14pt;\">Durante los siglos XIII y XIV, comienza a crecer y desarrollarse la localidad, ya amurallada, apareciendo tanto intramuros como en los alrededores, campesinos, comerciantes y artesanos, a la sombra del Camino, que origin\u00f3 un crecimiento r\u00e1pido y sostenido.<\/span><\/span><\/p>\n<p><span style=\"font-size: 14pt;\">En el siglo xx, cabe destacar que el 4 de septiembre de 1908 el rey Alfonso XIII concedi\u00f3 a Ponferrada el t\u00edtulo de ciudad, <sup id=\"cite_ref-27\" class=\"reference separada\"><\/sup>coincidiendo con el centenario de la coronaci\u00f3n de la Virgen de la Encina como patrona de la comarca. <\/span><\/p>\n<p><span style=\"font-size: 14pt;\"><img loading=\"lazy\" decoding=\"async\" class=\"alignnone size-full wp-image-318\" src=\"https:\/\/grupos.unileon.es\/xxx-jornadas-augac\/files\/2023\/04\/1.jpg\" alt=\"\" width=\"1009\" height=\"632\" \/>Finalmente, el descubrimiento y la explotaci\u00f3n de las riquezas minerales, hierro y carb\u00f3n, as\u00ed como la instalaci\u00f3n en 1949 de la central t\u00e9rmica de Endesa, cambiaron definitivamente el car\u00e1cter de la ciudad, que se ha asentado como el principal n\u00facleo poblacional de la comarca y su centro econ\u00f3mico y de servicios.<\/span><\/p>\n<p><span style=\"font-size: 14pt;\"><strong>Informaci\u00f3n de inter\u00e9s:<\/strong><\/span><\/p>\n<ul>\n<li><a href=\"https:\/\/elbierzoturismo.es\/comarca-del-bierzo\/que-ver-en-ponferrada\/\"><span style=\"font-size: 14pt;\"><strong>Informaci\u00f3n tur\u00edstica<\/strong><\/span><\/a><\/li>\n<li><a href=\"https:\/\/viajesymapas.com\/espana\/cyl\/leon\/ponferrada\/\"><strong><span style=\"font-size: 14pt;\">\u00bfQu\u00e9 ver en Ponferrada?<\/span><\/strong><\/a><\/li>\n<\/ul>\n","protected":false},"excerpt":{"rendered":"<p>Ponferrada es un municipio y ciudad espa\u00f1ola de la provincia de Le\u00f3n, en la comunidad aut\u00f3noma de Castilla y Le\u00f3n. Se encuentra en la comarca de El Bierzo, de la cual es capital. Aunque existen indicios de poblamiento tanto en el Neol\u00edtico (en las orillas del Sil), como en la Edad del Hierro y en [&hellip;]<\/p>\n","protected":false},"author":50,"featured_media":0,"parent":0,"menu_order":0,"comment_status":"closed","ping_status":"closed","template":"","meta":{"footnotes":""},"class_list":["post-23","page","type-page","status-publish","hentry"],"_links":{"self":[{"href":"https:\/\/grupos.unileon.es\/xxx-jornadas-augac\/wp-json\/wp\/v2\/pages\/23","targetHints":{"allow":["GET"]}}],"collection":[{"href":"https:\/\/grupos.unileon.es\/xxx-jornadas-augac\/wp-json\/wp\/v2\/pages"}],"about":[{"href":"https:\/\/grupos.unileon.es\/xxx-jornadas-augac\/wp-json\/wp\/v2\/types\/page"}],"author":[{"embeddable":true,"href":"https:\/\/grupos.unileon.es\/xxx-jornadas-augac\/wp-json\/wp\/v2\/users\/50"}],"replies":[{"embeddable":true,"href":"https:\/\/grupos.unileon.es\/xxx-jornadas-augac\/wp-json\/wp\/v2\/comments?post=23"}],"version-history":[{"count":19,"href":"https:\/\/grupos.unileon.es\/xxx-jornadas-augac\/wp-json\/wp\/v2\/pages\/23\/revisions"}],"predecessor-version":[{"id":322,"href":"https:\/\/grupos.unileon.es\/xxx-jornadas-augac\/wp-json\/wp\/v2\/pages\/23\/revisions\/322"}],"wp:attachment":[{"href":"https:\/\/grupos.unileon.es\/xxx-jornadas-augac\/wp-json\/wp\/v2\/media?parent=23"}],"curies":[{"name":"wp","href":"https:\/\/api.w.org\/{rel}","templated":true}]}}

Información de Ponferrada capital

<p><span style="font-size: 14pt;"><b><img loading="lazy" decoding="async" class="alignnone wp-image-312" src="https://grupos.unileon.es/xxx-jornadas-augac/files/2023/04/AYTO-Ponfe.jpg" alt="" width="650" height="433" />Ponferrada</b> es un municipio y ciudad española de la provincia de León, en la comunidad autónoma de Castilla y León. </span><span style="font-size: 14pt;">Se encuentra en la comarca de El Bierzo</span><span style="font-size: 14pt;">, de la cual es capital.</span></p>
<p><span style="font-size: 14pt;">Aunque existen indicios de poblamiento tanto en el Neolítico (en las orillas del Sil), como en la Edad del Hierro y en la época romana, no es hasta el siglo XI cuando tenemos constancia documental. Es al final de ese siglo cuando el obispo Osmundo de Astorga  ordena la construcción de un puente, en torno al año 1082, con la colaboración del rey Alfonso VI de León, para facilitar el tránsito de los peregrinos del Camino de Santiago, debido a las dificultades que suponía el paso del río Sil.</span></p>
<p><span style="font-size: 14pt;"><img loading="lazy" decoding="async" class="wp-image-315 aligncenter" src="https://grupos.unileon.es/xxx-jornadas-augac/files/2023/04/Calle-reloj.jpg" alt="" width="600" height="798" />Este nuevo puente se reforzó con hierro, y esta circunstancia dio nombre, posteriormente, a la población que creció en sus alrededores. Al poco se fundó la Iglesia de San Pedro, en 1086 y a su alrededor surgió La Puebla de San Pedro que es como se llamó primeramente a Ponferrada, para pasar a denominarse poco después Ponte Ferrato.</span></p>
<p><span style="font-size: 14pt;"><span style="font-size: 14pt;">Durante los siglos XIII y XIV, comienza a crecer y desarrollarse la localidad, ya amurallada, apareciendo tanto intramuros como en los alrededores, campesinos, comerciantes y artesanos, a la sombra del Camino, que originó un crecimiento rápido y sostenido.</span></span></p>
<p><span style="font-size: 14pt;">En el siglo xx, cabe destacar que el 4 de septiembre de 1908 el rey Alfonso XIII concedió a Ponferrada el título de ciudad, <sup id="cite_ref-27" class="reference separada"></sup>coincidiendo con el centenario de la coronación de la Virgen de la Encina como patrona de la comarca. </span></p>
<p><span style="font-size: 14pt;"><img loading="lazy" decoding="async" class="alignnone size-full wp-image-318" src="https://grupos.unileon.es/xxx-jornadas-augac/files/2023/04/1.jpg" alt="" width="1009" height="632" />Finalmente, el descubrimiento y la explotación de las riquezas minerales, hierro y carbón, así como la instalación en 1949 de la central térmica de Endesa, cambiaron definitivamente el carácter de la ciudad, que se ha asentado como el principal núcleo poblacional de la comarca y su centro económico y de servicios.</span></p>
<p><span style="font-size: 14pt;"><strong>Información de interés:</strong></span></p>
<ul>
<li><a href="https://elbierzoturismo.es/comarca-del-bierzo/que-ver-en-ponferrada/"><span style="font-size: 14pt;"><strong>Información turística</strong></span></a></li>
<li><a href="https://viajesymapas.com/espana/cyl/leon/ponferrada/"><strong><span style="font-size: 14pt;">¿Qué ver en Ponferrada?</span></strong></a></li>
</ul>

<p>Ponferrada es un municipio y ciudad española de la provincia de León, en la comunidad autónoma de Castilla y León. Se encuentra en la comarca de El Bierzo, de la cual es capital. Aunque existen indicios de poblamiento tanto en el Neolítico (en las orillas del Sil), como en la Edad del Hierro y en [&hellip;]</p>
