{"id":80,"date":"2017-09-25T12:07:39","date_gmt":"2017-09-25T12:07:39","guid":{"rendered":"http:\/\/grupos.unileon.es\/xxix-jornadas-augac\/?page_id=80"},"modified":"2023-05-16T11:03:46","modified_gmt":"2023-05-16T11:03:46","slug":"programa","status":"publish","type":"page","link":"https:\/\/grupos.unileon.es\/xxx-jornadas-augac\/programa\/","title":{"rendered":"Programa"},"content":{"rendered":"<p><span style=\"font-size: 18pt; color: #ff0000;\"><strong>&#8211; Mi\u00e9rcoles 24 de mayo<\/strong><\/span><\/p>\n<p><span style=\"font-size: 14pt;\"><strong>&#8211; 20:00<\/strong> horas<\/span><\/p>\n<p><span style=\"font-size: 14pt;\">Bienvenida en el Castillo de los Templarios .\u00a0 Visita guiada.<\/span><\/p>\n<p><span style=\"font-size: 18pt; color: #ff0000;\"><strong>&#8211; Jueves 25 de mayo<\/strong><\/span><\/p>\n<p><span style=\"font-size: 14pt;\">Campus de Ponferrada (Sal\u00f3n de actos de la 6\u00aa Planta del Edificio Central)<\/span><\/p>\n<p><span style=\"font-size: 14pt;\"><strong>&#8211; 09:00 horas:<\/strong>\u00a0 Acreditaciones y recogida de material<\/span><\/p>\n<p><span style=\"font-size: 14pt;\"><strong>&#8211; 09:30 horas:<\/strong> Apertura de las jornadas.<\/span><\/p>\n<p><span style=\"font-size: 14pt;\">Presenta y modera: Jos\u00e9 Francisco Merino \u2013 Director de Comunicaci\u00f3n de la Universidad de Salamanca y Presidente de AUGAC.\u00a0 Participan:<\/span><\/p>\n<ul>\n<li><span style=\"font-size: 14pt;\">Juan Francisco Garc\u00eda Mar\u00edn \u2013 Rector ULE<\/span><\/li>\n<li><span style=\"font-size: 14pt;\">M\u00aa Pilar Marqu\u00e9s S\u00e1nchez \u2013 Vicerrectora del Campus de Ponferrada<\/span><\/li>\n<li><span style=\"font-size: 14pt;\">Olegario Ram\u00f3n Fern\u00e1ndez \u2013 Alcalde de Ponferrada<\/span><\/li>\n<li><span style=\"font-size: 14pt;\">Gerardo \u00c1lvarez Courel \u2013 Presidente del Consejo Comarcal del Bierzo<\/span><\/li>\n<\/ul>\n<p><span style=\"font-size: 14pt;\"><strong>&#8211; 10:00 horas:<\/strong> Ponencia: <em><strong>\u2018La comunicaci\u00f3n glocal en los campus universitarios perif\u00e9ricos\u2019<\/strong><\/em>. Juan Salvador P\u00e9rez Villanueva, Director de Comunicaci\u00f3n y Publicaciones de la Universidad Jaume I de Castell\u00f3n.<\/span><\/p>\n<p><span style=\"font-size: 14pt;\"><strong>&#8211; 11:00 horas:<\/strong> Inauguraci\u00f3n de la exposici\u00f3n fotogr\u00e1fica <em>\u2019<strong>Treinta y tres Primaveras\u2019<\/strong><\/em><strong> \u00a0<\/strong>(Im\u00e1genes de 33 a\u00f1os de jornadas de AUGAC), en la Biblioteca del Campus (Edificio de Servicios)<\/span><\/p>\n<p><span style=\"font-size: 14pt;\">Comisariada por Ana Mar\u00eda Mart\u00edn Luque (Universidad de Murcia).<\/span><\/p>\n<p><span style=\"font-size: 14pt;\"><strong>&#8211; 11:30 horas:<\/strong> Pausa Caf\u00e9<\/span><\/p>\n<p><span style=\"font-size: 14pt;\"><strong>&#8211; 12:00 horas:<\/strong> Panel de Em\u00e9ritos de AUGAC sobre <strong><em>\u2018Experiencias e historias de la comunicaci\u00f3n. Como llegar a los medios desde universidades grandes y peque\u00f1as, desde el centro y desde la periferia\u2019<\/em><\/strong><\/span><\/p>\n<ul>\n<li><span style=\"font-size: 14pt;\">Luis Celeiro \u00c1lvarez (Univ. Santiago de Compostela),<\/span><\/li>\n<li><span style=\"font-size: 14pt;\">Adelaida Hern\u00e1ndez Guerra (Universidad de Las Palmas de Gran Canaria),<\/span><\/li>\n<li><span style=\"font-size: 14pt;\">M\u00aa Rosa Garc\u00eda Mirasierras (Universidad de Alicante),<\/span><\/li>\n<li><span style=\"font-size: 14pt;\">Pilar Cuena Botr\u00e1n (Universidad Aut\u00f3noma de Madrid)<\/span><\/li>\n<\/ul>\n<p><span style=\"font-size: 14pt;\">Presenta y modera: Pedro Ugarte Tamayo (Euskal Herriko Unibersitatea)<\/span><\/p>\n<p><span style=\"font-size: 14pt;\"><strong>&#8211; 14:00 horas:<\/strong> Presentaci\u00f3n y cata de vinos de la D.O. Bierzo<\/span><\/p>\n<p><span style=\"font-size: 14pt;\">Almuerzo en el Campus.<\/span><\/p>\n<p><span style=\"font-size: 14pt;\"><strong>&#8211; 16:00 horas:<\/strong> Ponencia &#8211;<strong><em> \u2018Llegar a la sociedad y comunicar con \u00e9xito desde un campus como el de Ponferrada\u2019.<\/em><\/strong> Flor \u00c1lvarez Taboada. (Escuela de Ingenier\u00eda Agraria y Forestal del Campus de Ponferrada de la ULE)<\/span><\/p>\n<p><span style=\"font-size: 14pt;\"><strong>&#8211; 17:00 horas:<\/strong> Ponencia: <em>\u2018<strong>Presencia y ausencia de las universidades y otras ense\u00f1anzas en el cine espa\u00f1ol\u2019.<\/strong><\/em> Pascual Vera Nicol\u00e1s (Universidad de Murcia).<\/span><\/p>\n<p><span style=\"font-size: 14pt;\"><strong>&#8211; 18:30 horas:<\/strong> Traslado al Palacio de Canedo y foto de familia de las jornadas.<\/span><\/p>\n<p><span style=\"font-size: 14pt;\"><strong>&#8211; 19:00 horas:<\/strong> Charla titulada <em><strong>\u2018El caso de Prada a Tope. C\u00f3mo llegar lejos partiendo de lo m\u00e1s cercano\u2019<\/strong>.<\/em> A cargo de Jos\u00e9 Luis Prada M\u00e9ndez.<\/span><\/p>\n<p><span style=\"font-size: 14pt;\">&#8211; Visita al Palacio, bodega, vi\u00f1edos e instalaciones.<\/span><\/p>\n<p><span style=\"font-size: 14pt;\">&#8211; Cata de vinos y cena con degustaci\u00f3n de productos del Bierzo.<\/span><\/p>\n<p><span style=\"font-size: 18pt; color: #ff0000;\"><strong>&#8211; Viernes 26 de mayo<\/strong><\/span><\/p>\n<p><span style=\"font-size: 14pt;\">Campus de Ponferrada (Sal\u00f3n de actos de la 6\u00aa Planta del Edificio Central)<\/span><\/p>\n<p><span style=\"font-size: 14pt;\"><strong>&#8211; 09:30 horas<\/strong> \u2013 Ponencia:<em> <strong>\u2018Comunicaci\u00f3n interna como clave para obtener buenos resultados en la externa\u2019<\/strong><\/em>. Gabriel G\u00f3mez Gonz\u00e1lez\u2013 Director de Operaciones de Puent\u00eda<\/span><\/p>\n<p><span style=\"font-size: 14pt;\"><strong>&#8211; 10:30 horas<\/strong> \u2013 Ponencia: <strong><em>&#8216;El Programa RALBAR, una iniciativa para impulsar proyectos de dinamizaci\u00f3n territorial que contribuyan a activar los espacios rurales social, econ\u00f3mica o culturalmente&#8217;.\u00a0<\/em><\/strong>Raquel Dom\u00ednguez Fern\u00e1ndez &#8211; Directora de Relaciones Institucionales de la Universidad de Le\u00f3n.<\/span><\/p>\n<p><span style=\"font-size: 14pt;\"><strong>&#8211; 11:30 horas<\/strong> \u2013 Pausa Caf\u00e9<\/span><\/p>\n<p><span style=\"font-size: 14pt;\"><strong>&#8211; 12:00 horas:<\/strong> Mesa redonda sobre \u2018<em><strong>Incidencia que produce en una ciudad, comarca o regi\u00f3n la presencia de centros universitarios o de investigaci\u00f3n\u2019.<\/strong><\/em><\/span><\/p>\n<p><span style=\"font-size: 14pt;\">Modera: Pedro Lechuga Mallo (Decano del Colegio Profesional de Periodistas de Castilla y Le\u00f3n).<\/span><\/p>\n<p><span style=\"font-size: 14pt;\">Participantes: Representantes de medios de comunicaci\u00f3n (prensa escrita, diarios digitales, radio y televisi\u00f3n) de la ciudad de Ponferrada y la comarca de El Bierzo.<\/span><\/p>\n<p><span style=\"font-size: 14pt;\"><strong>&#8211; 14:00 horas:<\/strong> Traslado a restaurante \u2018La Casa del Botillo\u2019. Almuerzo<\/span><\/p>\n<p><span style=\"font-size: 14pt;\"><strong>&#8211; 16:00 horas:<\/strong> Visita guiada al Museo de la Radio \u2018Luis del Olmo\u2019<\/span><\/p>\n<p><span style=\"font-size: 14pt;\"><strong>&#8211; 17:30 horas:<\/strong> Sal\u00f3n de Actos del Museo de la Radio &#8211; Asamblea AUGAC<\/span><\/p>\n<p><span style=\"font-size: 14pt;\"><strong>&#8211; 19:00 horas:<\/strong> Visita guiada al centro hist\u00f3rico de Ponferrada.<\/span><\/p>\n<p><span style=\"font-size: 14pt;\"><strong>&#8211; 21:30 horas:<\/strong> Cena de clausura<\/span><\/p>\n<p><span style=\"font-size: 18pt; color: #ff0000;\"><strong>&#8211; S\u00e1bado 27 de mayo<\/strong><\/span><\/p>\n<p><span style=\"font-size: 14pt;\"><strong>&#8211; 11:00 horas<\/strong> \u2013 Traslado en autob\u00fas a Las M\u00e9dulas y visita guiada<\/span><\/p>\n<p><span style=\"font-size: 14pt;\"><strong>&#8211; 14:00 horas<\/strong> &#8211; Almuerzo, retorno y fin de las jornadas<\/span><\/p>\n","protected":false},"excerpt":{"rendered":"<p>&#8211; Mi\u00e9rcoles 24 de mayo &#8211; 20:00 horas Bienvenida en el Castillo de los Templarios .\u00a0 Visita guiada. &#8211; Jueves 25 de mayo Campus de Ponferrada (Sal\u00f3n de actos de la 6\u00aa Planta del Edificio Central) &#8211; 09:00 horas:\u00a0 Acreditaciones y recogida de material &#8211; 09:30 horas: Apertura de las jornadas. Presenta y modera: Jos\u00e9 [&hellip;]<\/p>\n","protected":false},"author":50,"featured_media":0,"parent":0,"menu_order":0,"comment_status":"closed","ping_status":"closed","template":"","meta":{"footnotes":""},"class_list":["post-80","page","type-page","status-publish","hentry"],"_links":{"self":[{"href":"https:\/\/grupos.unileon.es\/xxx-jornadas-augac\/wp-json\/wp\/v2\/pages\/80","targetHints":{"allow":["GET"]}}],"collection":[{"href":"https:\/\/grupos.unileon.es\/xxx-jornadas-augac\/wp-json\/wp\/v2\/pages"}],"about":[{"href":"https:\/\/grupos.unileon.es\/xxx-jornadas-augac\/wp-json\/wp\/v2\/types\/page"}],"author":[{"embeddable":true,"href":"https:\/\/grupos.unileon.es\/xxx-jornadas-augac\/wp-json\/wp\/v2\/users\/50"}],"replies":[{"embeddable":true,"href":"https:\/\/grupos.unileon.es\/xxx-jornadas-augac\/wp-json\/wp\/v2\/comments?post=80"}],"version-history":[{"count":19,"href":"https:\/\/grupos.unileon.es\/xxx-jornadas-augac\/wp-json\/wp\/v2\/pages\/80\/revisions"}],"predecessor-version":[{"id":389,"href":"https:\/\/grupos.unileon.es\/xxx-jornadas-augac\/wp-json\/wp\/v2\/pages\/80\/revisions\/389"}],"wp:attachment":[{"href":"https:\/\/grupos.unileon.es\/xxx-jornadas-augac\/wp-json\/wp\/v2\/media?parent=80"}],"curies":[{"name":"wp","href":"https:\/\/api.w.org\/{rel}","templated":true}]}}